st common factor of j and 9?
9
Let r = -1 - -1. Suppose -5*j + r*j = -600. Let d be ((-1568)/147)/(8/(-36)). Calculate the greatest common factor of j and d.
24
Suppose -w = 4*m - 1215 + 352, -860 = -4*m - 4*w. Calculate the highest common divisor of m and 1458.
54
Suppose 4*q - 174 = 126. Let j be ((-6)/36)/((-5)/30). Let c be (j + 4 - 0)/((-6)/(-30)). Calculate the greatest common factor of c and q.
25
Let r be (-1)/(-6)*-3*8/(-2). Suppose 18 = -a - 3*l, 5*l = a + 8 + r. Let y be (-104)/6*(a + -18). What is the greatest common divisor of 52 and y?
52
Let j = 41 - 43. Let s be 5/j*14/35. Let y(g) = -7*g - 5. Let a be y(s). What is the greatest common factor of 2 and a?
2
Suppose 5*t + 20 = 0, 2*t = 2*m + 2 - 16. Suppose -5*w + 76 = c, -72*c = -76*c + 4*w + 400. What is the greatest common divisor of c and m?
3
Let z(c) = -8*c - 74. Let g be 21/(-2) + 38/76. Let t be z(g). What is the greatest common divisor of t and 30?
6
Suppose 0*g + 7*h - 5407 = -3*g, 2*h = g - 1798. What is the highest common factor of g and 5200?
200
Let d be (15/(-9) - -1)*-840. Let p = -400 + d. Suppose 3*v + 9 = 0, 6*v + p = 4*c + 2*v. Calculate the greatest common divisor of 37 and c.
37
Let g be (-24 + (-10720)/(-469))/((-2)/154). Let u be 4/(-10) - (-2976)/15. Calculate the greatest common factor of u and g.
22
Let v = -12536 - -13472. Calculate the greatest common divisor of 12 and v.
12
Let a(g) be the third derivative of -g**5/30 - 3*g**4 - 11*g**3/3 - 21*g**2. Let n be a(-33). Calculate the highest common factor of 16 and n.
16
Suppose 0 = -27*h + 36*h - 6237. Let n = h + -662. Calculate the greatest common divisor of n and 899.
31
Suppose -9 = -4*f + 31. Let d(w) = 42*w**2 - 762*w + 278. Let k be d(18). What is the highest common factor of f and k?
10
Suppose -2*h = 5*x - 131, 0 = -h + 52*x - 50*x + 97. Calculate the highest common divisor of h and 3901.
83
Let x = -86 + 212. Let a be (-1932)/x*(1 + -4*1). What is the greatest common factor of 46 and a?
46
Let s(o) = -o**2 - 11*o + 7. Let h be s(-8). Let k = 8399 + -8182. Calculate the greatest common factor of k and h.
31
Let a be ((-1604)/(-8))/((-3)/6). Let o = a - -575. Suppose y = -5*r + o, -4 + 24 = 5*y. Calculate the greatest common factor of 238 and r.
34
Let a = 13082 - 13014. What is the highest common factor of 2873 and a?
17
Suppose -4*s = -3*z - 5767, 5*s + 2*z = -3*z + 7165. Suppose -s + 78 = -17*u. Calculate the greatest common factor of 340 and u.
20
Suppose 2*b + t = 28, 5*b - t = 22 + 55. What is the greatest common divisor of 3840 and b?
15
Let u = 4386 + -2327. What is the greatest common divisor of u and 29?
29
Let h be (4*4/(-16))/(4/(-72)). Let z = 11 + -8. Suppose 0 = z*s - 40 - 14. What is the highest common factor of s and h?
18
Let v be (-110)/(-33)*(-36)/(-10). Let k be 7 - (4/(-8))/(2/(-4)). What is the highest common divisor of k and v?
6
Suppose -6*h = 2*p - 11*h - 5680, 5*h + 8510 = 3*p. What is the greatest common factor of p and 20?
10
Let j be (285/(-76))/((-2)/(-8)*1). Let v be (-3)/j - (-1782)/90. Calculate the greatest common factor of 28 and v.
4
Suppose 297 - 1807 = -5*d - 4*a, 5*d = 2*a + 1540. Calculate the greatest common factor of d and 126.
18
Let m(u) = u**3 + 10*u**2 - 39*u + 2. Let c be m(-13). Suppose d - 92 = -2*q, 0 = 3*d - c*q - 0*q - 268. What is the highest common factor of 3 and d?
3
Let p = -135 + 65. Let y = p + 94. Let t(i) = -14*i - 6. Let w be t(-3). What is the greatest common divisor of w and y?
12
Let z = -23560 - -23807. Calculate the highest common factor of 104 and z.
13
Suppose 44*z + 160 = 49*z. Let b be z*1*(2 + -1). What is the greatest common factor of 736 and b?
32
Let y be 12/(-15)*(-9)/(99/110). Suppose 201 = 3*j - 63. What is the highest common factor of y and j?
8
Let j = 252 - 615. Let b = j - -373. Calculate the greatest common divisor of 65 and b.
5
Suppose 5*u - r = -3, u + u = -2*r + 6. Suppose 5*i - 299 + 59 = u. Let x = -20025 - -20031. What is the greatest common divisor of i and x?
6
Suppose -8 = -4*v - 0. Let o be 170/20 + (-1)/v. Suppose 191 = o*u + 47. Calculate the highest common factor of u and 18.
18
Let j = 6050 - 5663. What is the highest common divisor of 989 and j?
43
Suppose -721*q + 492251 = -297807 - 129217. What is the highest common divisor of 100 and q?
25
Suppose 113 = 2*n + 33. Suppose -12 = -2*z - 6. Suppose z*f - f + 3*a = 1, -4*a - 12 = f. What is the greatest common factor of f and n?
8
Suppose p - 452 = -5*d, -d + 33*p + 88 = 32*p. What is the greatest common factor of 258 and d?
6
Let o = 52 - 36. Suppose -3*p + 4*z + 48 = 0, 0 = 37*z - 33*z + 24. Calculate the greatest common divisor of p and o.
8
Let r(u) = 72*u**3 - 3*u**2 + 2*u. Let w be r(1). Let j = -61 + w. Suppose 27 - 7 = 4*o. Calculate the greatest common factor of j and o.
5
Let b = 908 - 429. Suppose 149 = -10*f + b. Suppose 0*y + 36 = y + 5*i, -3*i - 18 = -3*y. What is the highest common factor of f and y?
11
Suppose 109*y - 113*y = -f + 38, -4*y - 8 = 0. Let i be (-3356)/(-16) - 1/(-4). Calculate the highest common divisor of i and f.
30
Let y(u) = 14*u + 5*u + 1 - u. Let s be y(3). Let q = 6145 - 6140. What is the highest common factor of q and s?
5
Let m be ((5/(-1))/(-20))/(4/32). Suppose -5*v + m*b + 145 = 0, b - 4*b = 0. What is the greatest common divisor of 1 and v?
1
Suppose -136*k = -521*k + 75415 + 32000. Let t be ((-3)/3)/((-1)/93). What is the highest common factor of t and k?
93
Let z = -7 + 11. Let g(o) = -2*o**3 - 5*o**2 - o + 6. Let h = 428 + -430. Let i be g(h). What is the highest common divisor of z and i?
4
Suppose -2*n - 11 + 67 = 0. Let h be (-1 - -16) + -7*2/14. Calculate the greatest common divisor of h and n.
14
Suppose 5*s = -2*o + 430, -279 = -3*s + 46*o - 43*o. Let v(k) = k**2 + k. Let h be v(-6). Suppose -h = -3*j + 3. What is the highest common factor of s and j?
11
Suppose 3 + 2 = -5*k + 5*i, 3*k + 3*i - 15 = 0. Suppose l + 79 = -2*s, -k*l - 181 = 5*s - 5*l. Let o = 63 + s. What is the greatest common factor of o and 10?
5
Let c be ((-12)/7)/(4/14). Let r be -4 - 183/c - (-2)/4. What is the greatest common divisor of r and 351?
27
Let m be 2*3/(-3) + 5. Suppose -5*i = 5*y - 95, -4*i + 15 = -m*y + 51. What is the greatest common divisor of y and 192?
16
Let w = -74 + 74. Suppose w = 3*j - z - 17, -21 = -4*j + 2*z + 5. Suppose q - 3*p - p = 64, 228 = j*q - 2*p. What is the greatest common divisor of q and 7?
7
Suppose -55*x = -52*x - 213. Let c = x - 38. What is the greatest common factor of 33 and c?
33
Let b be -3*(-4492)/48 - (-12)/(-16). Suppose 50 = f - 2*c, -17*f + b = -12*f - 4*c. What is the highest common factor of 660 and f?
60
Let g(q) = -q + 26. Let s(y) = y**2 - 5*y - 7. Suppose 0 = -10*p - 21 - 9. Let v be s(p). Let n be g(v). What is the highest common factor of 81 and n?
9
Suppose 0 = 4*n + 28, -x + 57*n - 61*n = -4901. Calculate the greatest common factor of x and 279.
93
Suppose 0 = 32*v - 30*v - 4. Suppose -d - 699 = -2*h, -v*h - 7*d + 719 = -4*d. Let t be h/(-56)*7/(-2). What is the greatest common divisor of t and 22?
22
Let v be 2/(0 + -2) - (-8 + -27 + -28). What is the greatest common factor of 12338 and v?
62
Let v(h) = 23*h**2 - 167*h + 44. Let j be v(7). Calculate the highest common factor of 2642 and j.
2
Let t be (965/(-10))/(9/18). Let z = 201 + t. What is the greatest common divisor of 36 and z?
4
Let t be -1*((-21)/147 + (-1)/(-7)). Suppose 8*x - 7220 - 2972 = t. What is the highest common factor of x and 98?
98
Suppose 141 = 8*p + 21. Suppose -2*r - 103 = -i, -2*i - 55*r + 212 = -53*r. Calculate the highest common factor of i and p.
15
Let a(u) = -4*u - 4*u + 4*u + 41 - 11. Let b be a(-5). Let q be (-4)/14 - (-216)/21. What is the greatest common divisor of b and q?
10
Suppose -2007 = -6*z + 15*z. Let o = z + 230. Calculate the greatest common factor of o and 8.
1
Let b = -646 + 1018. Suppose -b = -10*f + 38. Let k be (205/(-3))/(8/(-24)). Calculate the greatest common factor of k and f.
41
Let z = -3637 + 5319. What is the highest common divisor of z and 290?
58
Let l(y) = 3*y - 12. Let a be l(5). Suppose -3*t + p - 785 = -7*t, -180 = -t + a*p. What is the greatest common divisor of 39 and t?
39
Suppose -3*u + 15 + 162 = 0. Suppose -u = -3*z + 10. Calculate the highest com